 of v?
3
Let m be (-2)/6 - (-24)/(-36). Let b be 1/(-4) + (-3)/4. What is the hundreds digit of (b - 9/(-6))/(m/(-242))?
1
What is the tens digit of (239436/(-3))/((48/112)/(16/(-56)))?
0
Suppose -4*s - 2*d = -16, -d + 2 + 2 = s. What is the units digit of (s - 88 - -4)*-1?
0
Suppose -71641 = -48*b - 6553. What is the thousands digit of b?
1
Let s be (-3)/(4/(-4))*(-30)/9. Let b = 2 + s. Let j(d) = -d**2 - 9*d - 5. What is the units digit of j(b)?
3
Suppose -30*f + 18 = -36*f. What is the tens digit of 2*417/(-24)*36/f?
1
Suppose 112 = -0*d + 7*d. Suppose 2*c + d = 6*c. Suppose 4*y - 65 = c*x + 15, y - 20 = 4*x. What is the units digit of y?
0
Suppose -45 = -5*n, 40*o - 44*o - 4*n = -128616. What is the thousands digit of o?
2
Let v(j) = -2008*j + 102. What is the tens digit of v(-3)?
2
Suppose 154*l - 45518 = 149*l - 3*n, 5*l + 2*n - 45522 = 0. What is the units digit of l?
6
Suppose 6 = -2*m, 0 = -q + 5*m - 2*m - 2. Let d = q - -32. Let i(g) = -g**2 + 23*g + 50. What is the tens digit of i(d)?
9
Let d(q) = 3*q - 4. Let t be d(4). Suppose 2*u - 4*u = -i - 3, -t = 3*u - 4*i. Suppose 0 = 4*k - 4*n - 292, 0*n = u*n. What is the tens digit of k?
7
Let m(z) = 254*z**3 - 26*z**2 + 141*z - 29. What is the tens digit of m(6)?
4
Suppose -5*b - 2*s + 21 = 0, -5*b + 15 + 12 = -s. Let g = b - 5. Suppose 2*q + 3*m + 2*m + 16 = g, -4*q - 2*m = 0. What is the units digit of q?
2
Let v = 12029 - 7037. What is the units digit of v?
2
Let z(x) = -x**3 - 6*x**2 + 6. Let l be z(-6). Suppose 2*t - 5*c = 1300, 2600 = 4*t + l*c - c. What is the tens digit of t?
5
Suppose 4*r - 8105 = -6121. What is the hundreds digit of r?
4
Suppose 0 = 4*v + 4, 2*v - 4*v - 7498 = -2*s. What is the units digit of s?
8
Let m = 257 - -180. Suppose -z = -2*f + m, 10*z + 871 = 4*f + 7*z. What is the units digit of f?
0
Let l = 356 + -164. Let p = 239 - 344. Let u = p + l. What is the units digit of u?
7
Let n be -1 - 6/(-2) - 0. What is the units digit of (0/1 - 1/n)*-1082?
1
Let q be -12*(9/12 - 0). Let t = -40 - -139. Let d = q + t. What is the tens digit of d?
9
What is the units digit of ((-2)/(6/(-43)))/((3 - 1)/1686)?
3
Let j be ((-4)/2)/((-2)/(-3)) - -237. Suppose 0 = -7*g + 4*g - 3*w + 363, 2*g - 2*w = j. Let c = -7 + g. What is the hundreds digit of c?
1
Let x = 126 + -124. Suppose x*g - 3*k - 714 = 0, 3*g - 3*k = -0*k + 1071. Let i = g + -74. What is the units digit of i?
3
Let q be 0/(1*(-4)/(-4)). Suppose -4*j = a - 10, 10 = j + 4*a - q*a. Suppose 9*v - j*v = 427. What is the units digit of v?
1
Let l = 22513 - 12720. What is the hundreds digit of l?
7
Let b be (-18 - (0 - -2))/(4/(-394)). Suppose -12*q = -b - 1882. Let g = -129 + q. What is the units digit of g?
2
Let z = 229 + -228. What is the units digit of 232*z - (2 - 5)?
5
Suppose -66*g = -481822 - 571736. What is the tens digit of g?
6
Let g be ((-1)/((-20)/24))/(4/10). Suppose 6 = 2*t - f, -4*t - g*f + 18 + 14 = 0. Suppose 4*x = t*x - 109. What is the tens digit of x?
0
Suppose -10*b + 13*b = 33. Suppose -b*z + 1230 = -3335. What is the hundreds digit of z?
4
Suppose -55 = 2*j - 5. Let b(c) = -8*c + 80. What is the hundreds digit of b(j)?
2
Let p = -406 - -482. What is the hundreds digit of (18 + -7 - 7)*p?
3
Let k be (68/(-12))/((-3)/27). Suppose -4*o + 7*o = -k. Let g(l) = l**2 + 10*l - 14. What is the tens digit of g(o)?
0
Suppose 0 = -d + 6*d + 150. Let l be d/(-25)*10/4. Suppose -8 = 4*z, -l*s + 5*s = 4*z + 52. What is the units digit of s?
2
Let j(t) = 3*t**2 + 23*t + 1. Let q(l) = -2*l**2 - 13*l - 1. Let y(z) = -4*j(z) - 7*q(z). Let v = 11 + -5. What is the tens digit of y(v)?
6
Let b = 90597 + -37363. What is the units digit of b?
4
Let d = 7895 - 6117. What is the thousands digit of d?
1
Let r(t) = 4*t**2 + 13*t - 3. Let b be r(-9). Let s = -113 + b. What is the tens digit of s?
9
What is the units digit of (-966)/(-1127)*2198/2?
2
Let r(a) = 241*a + 7. Let z be r(9). Suppose -d - z = -9*d. Let x = d + -180. What is the units digit of x?
2
Let q(l) = l**2 + 2*l - 2. Let c be q(-4). Let a(d) = -d - 6 + c + 12. What is the units digit of a(9)?
3
Let d = -20 - -20. Suppose -904 = -8*k - d*k. What is the hundreds digit of k?
1
Let y = -10629 + 37833. What is the hundreds digit of y?
2
What is the tens digit of ((-655762)/(-6))/(530/318) + (-1)/5?
7
Let i be (6/(-5))/((-24)/4680). Suppose 0 = -9*w + 900 + i. What is the units digit of w?
6
Let r(z) = -10*z**3 + 4*z**2 + 3*z. Suppose 70 = 3*o - 0*o - l, 5*o - 4*l - 105 = 0. Let w = o - 27. What is the units digit of r(w)?
0
Let a(s) be the first derivative of 31*s - 6 - 4*s**2 - 1/4*s**4 + 16/3*s**3. What is the hundreds digit of a(15)?
1
Let s be (-992)/(-9) - 30/135. Let x = -49 + s. Suppose -o + x - 31 = 0. What is the units digit of o?
0
Let r = 7549 - 5393. What is the hundreds digit of r?
1
Let k(l) = 9*l**2 + 3. Let j be k(10). Suppose 3*x - y - 1779 = 0, 2*y - j = 3*x - 2679. Let p = -322 + x. What is the tens digit of p?
7
Let l(m) = -6*m - 62. Let c be l(-11). Suppose 4*f - c = 16. Suppose -320 = -4*p - 4*t, 4*p + f*t = -0*p + 316. What is the units digit of p?
4
Suppose -15 = -5*w - 5. Suppose 0 = 2*d - 2*g - 38, -2*g - 91 = -5*d + w*g. Suppose 14*i = d*i - 75. What is the units digit of i?
5
Suppose 4*x = -3*i + 1437, -2*i + x + 1222 = 253. What is the units digit of i?
3
Let g(l) = -109*l + 40. Let q = 75 - 83. What is the units digit of g(q)?
2
Let c = -1541 - -13281. What is the thousands digit of c?
1
Let g(o) = 2*o + 24. Let r be g(-11). Suppose r*u + 25*u = 14337. What is the units digit of u?
1
Suppose 392*b = 345*b + 278475. What is the thousands digit of b?
5
Let s = 89904 + -38972. What is the units digit of s?
2
Let r(d) = 192*d**2 - 87*d - 472. What is the hundreds digit of r(-6)?
9
Let g = -648 - -2358. What is the thousands digit of g?
1
Suppose 101216 = 5*m + j, -4*m - 281*j + 80944 = -285*j. What is the tens digit of m?
4
Let k = 1 + 6. Suppose -432 = -k*h + 30. Suppose -6*o = 5*o - h. What is the units digit of o?
6
Let q = -6713 - -13105. What is the thousands digit of q?
6
Let u(s) = 359*s - 908. What is the thousands digit of u(48)?
6
Suppose -2*c - l - 4*l - 19 = 0, 5*c - 3*l = 30. Suppose c*a - 2*a + 16 = -5*t, 4*a + 2*t = -100. Let h = 37 + a. What is the tens digit of h?
1
Suppose -61640 = -2*j + 4*a + 8894, a = -2*j + 70564. What is the units digit of j?
9
Suppose 2*n = -3*r - 8, 4*n = 3*r + 3*n + 14. Let c be -69*(r - 12/(-4)). Suppose 2*j = 0, f = -j - 4*j + c. What is the units digit of f?
9
Suppose -12*b + 32 = -4. What is the units digit of b/(-12) - (-23690)/40?
2
Let d = 11494 - 8123. Let m = d + -2102. What is the tens digit of m?
6
Let o = 31295 - 5835. What is the units digit of o?
0
Suppose -4*c + 10 = -5*d, 2*c - 4 - 16 = -5*d. What is the hundreds digit of d*(839/10 - 6/15)?
1
Let r = 2561 - 1547. What is the hundreds digit of r?
0
Let q(l) = -l**3 + 47*l**2 - 41*l - 98. What is the thousands digit of q(44)?
3
Let i = -4 - 51. Let u(b) = -b**2 - b - 4. Let x be u(0). What is the units digit of (-8)/((-8)/x) - i?
1
Let m(u) = 234*u**2 - 52*u + 147. What is the thousands digit of m(3)?
2
Let r(n) = -958*n**3 + 11*n**2 + 20*n + 6. What is the hundreds digit of r(-2)?
6
Suppose -5*c - b - 53 = -9*c, -b = -2*c + 27. Suppose -2*j + 1242 = 2*l, 14*j + 1239 = 2*l + c*j. What is the tens digit of l?
2
Suppose 2*f + 3*g - 24 = 0, -3*g + g = -4. Let w = 2043 - 2028. Suppose w*x - 330 = f*x. What is the units digit of x?
5
Let p = -2699 - -13204. What is the tens digit of p?
0
Let u = 11151 + -4723. What is the thousands digit of u?
6
Suppose 44 = 7*v + 37. What is the hundreds digit of 712/16*12*v?
5
Let c be (0 + -1)/((15/(-9))/5). Suppose 0 = -c*x + 3*g + 144, 0*x + 3*x + 5*g - 128 = 0. Suppose u + x = 60. What is the tens digit of u?
1
Suppose 6*x + 4*y - 4280 = 2*x, x - 2*y = 1076. What is the thousands digit of x?
1
Let l(p) = p**2 + 4*p + 3. Let w be l(-4). Suppose 4*s = s + w*g + 72, 48 = 3*s + 3*g. Suppose 0 = 4*b - 92 - s. What is the tens digit of b?
2
Let o = 1032 - 735. Suppose 895 = 2*c + o. What is the units digit of c?
9
Let o be 1/(-2)*(0 - (-8 - -14)). What is the units digit of 453*(-4)/36*o*-1?
1
Let s(m) = 2*m**3 - 37*m**2 - 20*m + 19. Let l be s(19). Suppose 2*i + 3474 = 3*d, 2*d = -l*d - i + 2309.